{"id":739,"date":"2017-09-10T12:52:56","date_gmt":"2017-09-10T10:52:56","guid":{"rendered":"http:\/\/mbloretanska.pl\/?page_id=739"},"modified":"2026-04-23T17:45:51","modified_gmt":"2026-04-23T15:45:51","slug":"i-komunia-swieta","status":"publish","type":"page","link":"https:\/\/mbloretanska.pl\/?page_id=739","title":{"rendered":"I Komunia \u015awi\u0119ta"},"content":{"rendered":"<section  class='av_textblock_section av-k8bzn4pv-00dab2f1b20b320e549740e787f0f047 '   itemscope=\"itemscope\" itemtype=\"https:\/\/schema.org\/CreativeWork\" ><div class='avia_textblock'  itemprop=\"text\" ><p><img loading=\"lazy\" decoding=\"async\" class=\"wp-image-741 size-medium aligncenter\" src=\"https:\/\/mbloretanska.pl\/wp-content\/uploads\/2017\/09\/I-komunia-\u015bwi\u0119ta-300x200.jpg\" alt=\"\" width=\"300\" height=\"200\"><\/p>\n<div>\n<div>\n<div>&nbsp;<\/div>\n<div>Towarzysz\u0105c dzieciom i rodzicom w okresie przygotowania otoczmy wszystkich modlitw\u0105 o \u0142ask\u0119&nbsp; g\u0142\u0119bszego odkrywania Tajemnicy Eucharystii.<\/div>\n<\/div>\n<div>&nbsp;<\/div>\n<div>\n<div dir=\"ltr\"><strong>I Komunia \u015awi\u0119ta 2026:<\/strong><\/div>\n<div dir=\"ltr\">&nbsp;<\/div>\n<div dir=\"ltr\">Uroczysto\u015b\u0107 I Komunii \u015bw. w roku 2026 odb\u0119dzie si\u0119 w sobot\u0119 30 maja 2026 o godz. 11:00.<\/div>\n<\/div>\n<\/div>\n<\/div><\/section>\n","protected":false},"excerpt":{"rendered":"","protected":false},"author":1,"featured_media":0,"parent":2,"menu_order":9,"comment_status":"closed","ping_status":"closed","template":"","meta":{"ngg_post_thumbnail":0,"footnotes":""},"class_list":["post-739","page","type-page","status-publish","hentry"],"_links":{"self":[{"href":"https:\/\/mbloretanska.pl\/index.php?rest_route=\/wp\/v2\/pages\/739","targetHints":{"allow":["GET"]}}],"collection":[{"href":"https:\/\/mbloretanska.pl\/index.php?rest_route=\/wp\/v2\/pages"}],"about":[{"href":"https:\/\/mbloretanska.pl\/index.php?rest_route=\/wp\/v2\/types\/page"}],"author":[{"embeddable":true,"href":"https:\/\/mbloretanska.pl\/index.php?rest_route=\/wp\/v2\/users\/1"}],"replies":[{"embeddable":true,"href":"https:\/\/mbloretanska.pl\/index.php?rest_route=%2Fwp%2Fv2%2Fcomments&post=739"}],"version-history":[{"count":31,"href":"https:\/\/mbloretanska.pl\/index.php?rest_route=\/wp\/v2\/pages\/739\/revisions"}],"predecessor-version":[{"id":6378,"href":"https:\/\/mbloretanska.pl\/index.php?rest_route=\/wp\/v2\/pages\/739\/revisions\/6378"}],"up":[{"embeddable":true,"href":"https:\/\/mbloretanska.pl\/index.php?rest_route=\/wp\/v2\/pages\/2"}],"wp:attachment":[{"href":"https:\/\/mbloretanska.pl\/index.php?rest_route=%2Fwp%2Fv2%2Fmedia&parent=739"}],"curies":[{"name":"wp","href":"https:\/\/api.w.org\/{rel}","templated":true}]}}

I Komunia Święta

<section  class='av_textblock_section av-k8bzn4pv-00dab2f1b20b320e549740e787f0f047 '   itemscope="itemscope" itemtype="https://schema.org/CreativeWork" ><div class='avia_textblock'  itemprop="text" ><p><img loading="lazy" decoding="async" class="wp-image-741 size-medium aligncenter" src="https://mbloretanska.pl/wp-content/uploads/2017/09/I-komunia-święta-300x200.jpg" alt="" width="300" height="200"></p>
<div>
<div>
<div>&nbsp;</div>
<div>Towarzysząc dzieciom i rodzicom w okresie przygotowania otoczmy wszystkich modlitwą o łaskę&nbsp; głębszego odkrywania Tajemnicy Eucharystii.</div>
</div>
<div>&nbsp;</div>
<div>
<div dir="ltr"><strong>I Komunia Święta 2026:</strong></div>
<div dir="ltr">&nbsp;</div>
<div dir="ltr">Uroczystość I Komunii św. w roku 2026 odbędzie się w sobotę 30 maja 2026 o godz. 11:00.</div>
</div>
</div>
</div></section>
